uppose -5*l + 40 = 5*b, 0*l + 3*l = -2*b + 21. Suppose l*c - 56 = c. Let q be 8/(-28) - (-732)/c. What is the highest common factor of 130 and q?
26
Let h be ((-120)/(-9))/(1/3). Let n(a) = a**3 - 11*a**2 + 5*a + 16. Let z be n(11). Suppose -68*p + z*p = 15. What is the greatest common factor of p and h?
5
Suppose -5*r + 3*c = 573, -5*c = -2*r - 0*c - 233. Let b = r - -329. What is the greatest common factor of b and 86?
43
Let r = -48 - -50. Suppose -5*d + 248 = 2*w, -3*w - r*d = -5*d - 351. What is the highest common factor of 17 and w?
17
Let h(s) = 24*s + 6. Let z be h(1). Let i = -22 + z. Calculate the highest common divisor of 128 and i.
8
Let a(u) be the first derivative of u**3/3 + 13*u**2/2 - 12*u + 1. Let r be a(-14). What is the greatest common divisor of 16 and r?
2
Suppose 0 = -12*f - 35 + 167. What is the greatest common divisor of f and 88?
11
Suppose -50*a = -43*a - 686. Calculate the greatest common divisor of 14 and a.
14
Suppose -2*o - 5*c = -41, 25*c = -3*o + 23*c + 45. Calculate the greatest common factor of o and 832.
13
Let d(t) = -t - 12. Let g be d(8). Let o = g + 34. Let l = o + 2. What is the greatest common divisor of l and 40?
8
Let f(y) = -12 + 17 + y**2 - 15 + 12*y. Let r be f(-16). Suppose 4*k - 53 = 19. What is the highest common divisor of k and r?
18
Let u(x) = x**3 - 19*x**2 - 20*x + 14. Let v be u(20). Suppose 0 = 4*a + v*a - 612. Calculate the greatest common divisor of a and 51.
17
Let b = -22 - -6. Let u(s) = 13*s**3 - 2*s**2 + s + 2. Let z be u(-1). Let c = z - b. What is the highest common factor of 22 and c?
2
Let b be ((-10)/(-20))/(2/(-86*2)). Let y = -41 - b. What is the greatest common divisor of y and 46?
2
Suppose 11*h - 8*h = 27. What is the greatest common divisor of h and 111?
3
Let c(d) be the second derivative of 3*d**4/2 + d**3/6 + d**2/2 + 31*d. Let t be c(2). Calculate the greatest common divisor of 30 and t.
15
Suppose -240 = -4*b - 5*v, 6*b + 5*v + 150 = 8*b. What is the greatest common divisor of b and 169?
13
Suppose -5*b + 495 = 135. Let l(h) = -h**2 + 10*h + 51. Let n be l(13). What is the highest common factor of n and b?
12
Let i(m) = 18 + 4*m - 10 - m**2 + 2*m**2 + 2*m**2. Let c be i(-8). Let t = 23 - 2. What is the greatest common divisor of c and t?
21
Let h = 99 - 89. Calculate the highest common factor of 190 and h.
10
Let i = 26 - 41. Let v be (-11)/((-7)/i - 12/15). What is the highest common factor of 11 and v?
11
Suppose 7*d + 5512 = 3*d. Let q be d*2/(-10) + (-6)/10. Calculate the highest common divisor of q and 25.
25
Suppose -9 - 9 = -v. Suppose -50 = 2*a - 54. What is the greatest common factor of a and v?
2
Let g(q) = -8*q - q + 15*q**2 - 11 - 4*q**2 - q**3. Let a be g(10). Let t = 4 - a. What is the highest common factor of 35 and t?
5
Let r(n) = -2*n**2 - 3 + 4*n**2 - 2*n - 6*n - 10*n. Let v be r(10). Calculate the highest common factor of 170 and v.
17
Let n = 917 + 82. Calculate the highest common factor of 222 and n.
111
Let a(i) = 4*i**3 - 5*i**2 - 2*i - 2. Let g be a(4). Let p be g + (-4)/(-1 - -5). Let k = 21 - 6. What is the greatest common divisor of k and p?
15
Let h be 4 - (1 + 0)*-24. Let x be 5/10 - 222/(-4). Calculate the highest common factor of h and x.
28
Suppose 0 = -4*w + 5*d + 318, -140 = -2*w + 4*d + 16. What is the highest common factor of w and 2?
2
Let j = 9 - -17. Suppose j - 10 = 4*q. Suppose -d = 4*x - 216, 2*x + 5*d = q*x - 108. What is the greatest common divisor of 6 and x?
6
Suppose 1620 = 26*l - 20*l. What is the greatest common divisor of l and 30?
30
Let g(b) = -b**3 + 11*b**2 - 12*b + 12. Let j be g(10). Let s = j - -14. Let f = 9 + s. What is the greatest common factor of f and 45?
15
Let v be 10/((-1)/106*4/(-2)). Suppose 3*s + o - v = -o, 3*o - 355 = -2*s. Suppose 0*f = 4*f - 64. What is the highest common divisor of s and f?
16
Let s(i) = i**2 + 7*i + 2. Let l be s(-9). Calculate the greatest common factor of l and 24.
4
Suppose -w = -0*w - 4. Suppose 0 = w*s - 2*s + 4. Let n be (-11)/(-9) - s/(-9). What is the greatest common divisor of 3 and n?
1
Suppose 5*x + 3041 = 2*g, 2*x - 2 = -8. Suppose -335 = -8*l + g. Calculate the greatest common divisor of 33 and l.
33
Suppose -3*o - 3*u = -0*o - 45, -4*o - 5*u + 63 = 0. Calculate the highest common divisor of o and 96.
12
Suppose -2*r - r - 135 = -4*q, 5*q - 165 = 3*r. Let u = -33379 + 33381. What is the highest common factor of q and u?
2
Let u(f) = -61*f**2 - 2*f**3 + 61*f**2 + 3*f - 1. Let j be u(-3). Let n(w) = -2*w + 5. Let y be n(-3). What is the highest common divisor of j and y?
11
Suppose -5*j + 3045 = 2*x, j - 634*x = -636*x + 601. What is the greatest common factor of 65 and j?
13
Let q(a) = -a**3 - 45*a**2 - 45*a - 19. Let p be q(-44). What is the highest common factor of p and 10?
5
Let f(q) = -12*q**2 + 851*q + 89. Let w be f(71). Let a(u) = 6 + 0*u + u**2 + u + 3*u. Let t be a(-6). Calculate the highest common factor of t and w.
18
Let s(b) be the second derivative of b**3/3 - b**2/2 - 3*b. Let d be s(1). Calculate the greatest common divisor of d and 4.
1
Suppose -6 + 11 = v. Let x be (v/(-10))/((-4)/88). What is the greatest common factor of 55 and x?
11
Let g = -36 - -174. What is the greatest common factor of 12 and g?
6
Suppose -31*z - 205 = -36*z. Suppose -d = 3*b - z, -2*d - b = 3*d - 135. Calculate the greatest common divisor of d and 26.
26
Suppose -918 = -33*b + 5286. Calculate the greatest common factor of 517 and b.
47
Let p be (-17)/(-187) + 832/44. Let b be -2 - 346/(-2*1). What is the greatest common divisor of b and p?
19
Suppose -88*w + 168 = -81*w. Calculate the highest common divisor of w and 184.
8
Let f(r) = 5*r**2 + r + 1. Let d be (-25)/5*(-6)/15. Let b be f(d). Let i = b + -12. What is the highest common factor of 77 and i?
11
Suppose 315*t - 22282 = -143*t - 1672. Suppose -5*q = -133 - 2. What is the greatest common divisor of t and q?
9
Let p = 8 - 6. Let o(f) = 10*f**2 - 5*f**p - f**3 + 1 + 0*f**3 - f - 3. Let l be o(4). Calculate the highest common factor of l and 20.
10
Let b be 39/(-78) - (1905/(-6))/5. Calculate the highest common divisor of b and 91.
7
Let d = -1 + 1. Let o be 4 - (d - (-1 - 1)). Let i(v) = v**3 - 17*v**2 - 19*v + 19. Let m be i(18). Calculate the highest common factor of o and m.
1
Let g = 44 + -36. Let x be ((-21)/14)/((-3)/(-8)). Let q = x - -68. What is the greatest common divisor of q and g?
8
Suppose 0*o - 5*v - 58 = -3*o, 5*v = 5*o - 100. Let m = o + 0. Calculate the greatest common divisor of m and 28.
7
Let z be 2/(-5) - 8565/25. Let x be z/(-2) - 66/44. Calculate the highest common factor of x and 10.
10
Let u(q) = 8*q - 4. Let p be u(4). Let c be 226 - -1 - (63/7 - 6). What is the greatest common divisor of c and p?
28
Let g = -39 + 64. Suppose -g*p + 300 = -24*p. Suppose 2*n - 2*l - 120 = -l, -5*n + 3*l + p = 0. Calculate the highest common factor of 24 and n.
12
Let q(o) = -o**3 + 37*o**2 + 49*o + 62. Let h be q(38). Calculate the highest common factor of h and 768.
96
Let j be (-3351)/(-15) - 3 - (-2)/(-5). What is the highest common divisor of j and 20?
20
Suppose -2*y - 428 = 2*w, y + 639 = -2*y - 4*w. Let s = y - -591. What is the highest common divisor of s and 34?
34
Let c(q) = -55*q**3 + 4*q**2 + 13*q + 10. Let a be c(-2). Calculate the greatest common divisor of a and 132.
44
Suppose 3*w - 2 = 4. Suppose 0 = -3*x + 5*i - i + 10, w*x + 5*i = 45. Calculate the highest common divisor of x and 25.
5
Let y be (-39 + 9)*18/(-4). Calculate the highest common divisor of y and 225.
45
Let p(q) = 37*q**2 + 2*q - 6. Let u(f) = -36*f**2 - 2*f + 5. Let k(g) = -5*p(g) - 6*u(g). Let d be k(-1). What is the greatest common divisor of d and 145?
29
Let d be (126/(-8))/(3/(-8)). Let m = -18 - d. Let l be (1*15)/(m/(-280)). What is the highest common divisor of 14 and l?
14
Suppose -2*q + 14 = -3*s, -4*q + 14 = -s - 4. Let g = 4 + q. What is the highest common divisor of 8 and g?
8
Suppose 287 = 9*c + 134. What is the greatest common factor of c and 85?
17
Let d(o) = 2*o**3 - 3*o**2 - 26. Let a be d(4). What is the highest common factor of a and 144?
18
Let l be (-14)/3*((-2)/1 + -13). Suppose -4*q + 730 = -l. Calculate the greatest common divisor of q and 40.
40
Let a be (-9)/7 - -1 - 42066/(-378). Calculate 